{"id":13,"date":"2025-04-21T21:29:45","date_gmt":"2025-04-21T21:29:45","guid":{"rendered":"https:\/\/llamalaamuri.com\/ecommerce\/servicios\/"},"modified":"2025-04-24T15:09:15","modified_gmt":"2025-04-24T15:09:15","slug":"servicios","status":"publish","type":"page","link":"https:\/\/llamalaamuri.com\/ecommerce\/servicios\/","title":{"rendered":"Servicios"},"content":{"rendered":"\n<div class=\"wp-block-cover alignfull is-light\" style=\"min-height:100vh;aspect-ratio:unset;\"><span aria-hidden=\"true\" class=\"wp-block-cover__background has-background-dim-100 has-background-dim\" style=\"background-color:#ffffff\"><\/span><div class=\"wp-block-cover__inner-container is-layout-flow wp-block-cover-is-layout-flow\">\n<div class=\"wp-block-media-text alignwide is-stacked-on-mobile is-vertically-aligned-center is-image-fill-element\" style=\"grid-template-columns:56% auto\"><figure class=\"wp-block-media-text__media\"><img loading=\"lazy\" decoding=\"async\" width=\"1024\" height=\"683\" src=\"https:\/\/llamalaamuri.com\/ecommerce\/wp-content\/uploads\/2025\/04\/pexels-wolfgang-weiser-467045605-20177728-1024x683.jpg\" alt=\"\" class=\"wp-image-63 size-full\" style=\"object-position:50% 50%\" srcset=\"https:\/\/llamalaamuri.com\/ecommerce\/wp-content\/uploads\/2025\/04\/pexels-wolfgang-weiser-467045605-20177728-1024x683.jpg 1024w, https:\/\/llamalaamuri.com\/ecommerce\/wp-content\/uploads\/2025\/04\/pexels-wolfgang-weiser-467045605-20177728-300x200.jpg 300w, https:\/\/llamalaamuri.com\/ecommerce\/wp-content\/uploads\/2025\/04\/pexels-wolfgang-weiser-467045605-20177728-768x513.jpg 768w, https:\/\/llamalaamuri.com\/ecommerce\/wp-content\/uploads\/2025\/04\/pexels-wolfgang-weiser-467045605-20177728-1536x1025.jpg 1536w, https:\/\/llamalaamuri.com\/ecommerce\/wp-content\/uploads\/2025\/04\/pexels-wolfgang-weiser-467045605-20177728-2048x1367.jpg 2048w\" sizes=\"auto, (max-width: 1024px) 100vw, 1024px\" \/><\/figure><div class=\"wp-block-media-text__content\">\n<h2 class=\"wp-block-heading has-text-align-center has-text-color\" style=\"color:#000000;font-size:32px\"><strong>Gesti\u00f3n eficiente de importaciones<\/strong><\/h2>\n\n\n\n<p class=\"has-text-color\" style=\"color:#000000;font-size:17px\">Ofrecemos un servicio completo para la importaci\u00f3n de productos desde China, Panam\u00e1 y Paraguay, o el pais que elijas importar, asegurando procesos seguros, eficientes y rentables. Nuestro equipo de expertos se encarga de todas las etapas, desde la b\u00fasqueda de proveedores hasta la entrega final de la mercader\u00eda.<\/p>\n\n\n\n<p class=\"has-text-color\" style=\"color:#000000;font-size:17px\"><\/p>\n\n\n\n<div class=\"wp-block-buttons is-layout-flex wp-block-buttons-is-layout-flex\">\n<div class=\"wp-block-button is-style-fill\"><a class=\"wp-block-button__link wp-element-button\" href=\"https:\/\/wa.me\/+5491123553796\/?text=Quiero%20saber%20m\u00e1s\">Quiero saber m\u00e1s<\/a><\/div>\n<\/div>\n<\/div><\/div>\n<\/div><\/div>\n\n\n\n<div class=\"wp-block-cover alignfull is-light\" style=\"min-height:100vh;aspect-ratio:unset;\"><span aria-hidden=\"true\" class=\"wp-block-cover__background has-background-dim-100 has-background-dim\" style=\"background-color:#ffffff\"><\/span><div class=\"wp-block-cover__inner-container is-layout-flow wp-block-cover-is-layout-flow\">\n<div class=\"wp-block-media-text alignwide is-stacked-on-mobile is-vertically-aligned-center is-image-fill-element\" style=\"grid-template-columns:56% auto\"><figure class=\"wp-block-media-text__media\"><img loading=\"lazy\" decoding=\"async\" width=\"683\" height=\"1024\" src=\"https:\/\/llamalaamuri.com\/ecommerce\/wp-content\/uploads\/2025\/04\/pexels-shkrabaanthony-6207729-683x1024.jpg\" alt=\"\" class=\"wp-image-69 size-full\" style=\"object-position:50% 50%\" srcset=\"https:\/\/llamalaamuri.com\/ecommerce\/wp-content\/uploads\/2025\/04\/pexels-shkrabaanthony-6207729-683x1024.jpg 683w, https:\/\/llamalaamuri.com\/ecommerce\/wp-content\/uploads\/2025\/04\/pexels-shkrabaanthony-6207729-200x300.jpg 200w, https:\/\/llamalaamuri.com\/ecommerce\/wp-content\/uploads\/2025\/04\/pexels-shkrabaanthony-6207729-768x1152.jpg 768w, https:\/\/llamalaamuri.com\/ecommerce\/wp-content\/uploads\/2025\/04\/pexels-shkrabaanthony-6207729-1024x1536.jpg 1024w, https:\/\/llamalaamuri.com\/ecommerce\/wp-content\/uploads\/2025\/04\/pexels-shkrabaanthony-6207729-1365x2048.jpg 1365w, https:\/\/llamalaamuri.com\/ecommerce\/wp-content\/uploads\/2025\/04\/pexels-shkrabaanthony-6207729-scaled.jpg 1707w\" sizes=\"auto, (max-width: 683px) 100vw, 683px\" \/><\/figure><div class=\"wp-block-media-text__content\">\n<h3 class=\"wp-block-heading has-text-align-center has-text-color\" style=\"color:#000000;font-size:32px\"><strong>Servicios de<br>Gesti\u00f3n de compras y<br>Log\u00edstica<\/strong><\/h3>\n\n\n\n<p class=\"has-text-align-left has-text-color\" style=\"color:#000000;font-size:17px\">Brindamos un soporte integral durante todo el proceso de importaci\u00f3n, garantizando transparencia y eficiencia.<br>Nuestros servicios incluyen:<br>\u2705 Negociaci\u00f3n de precios y condiciones comerciales <\/p>\n\n\n\n<p class=\"has-text-align-left has-text-color\" style=\"color:#000000;font-size:17px\">\u2705 Elaboraci\u00f3n de \u00f3rdenes de compra y proformas <\/p>\n\n\n\n<p class=\"has-text-align-left has-text-color\" style=\"color:#000000;font-size:17px\">\u2705 Coordinaci\u00f3n log\u00edstica y transporte interno en origen <\/p>\n\n\n\n<p class=\"has-text-align-left has-text-color\" style=\"color:#000000;font-size:17px\">\u2705Seguimiento de tiempos de producci\u00f3n y despacho <\/p>\n\n\n\n<p class=\"has-text-align-left has-text-color\" style=\"color:#000000;font-size:17px\">\u2705 Control de calidad en f\u00e1brica (servicio adicional)<\/p>\n\n\n\n<div class=\"wp-block-buttons is-layout-flex wp-block-buttons-is-layout-flex\">\n<div class=\"wp-block-button is-style-fill\"><a class=\"wp-block-button__link wp-element-button\" href=\"https:\/\/wa.me\/+5491123553796\/?text=Quiero%20saber%20m\u00e1s\">Quiero saber m\u00e1s<\/a><\/div>\n<\/div>\n<\/div><\/div>\n<\/div><\/div>\n\n\n\n<div class=\"wp-block-cover alignfull is-light\" style=\"min-height:100vh;aspect-ratio:unset;\"><span aria-hidden=\"true\" class=\"wp-block-cover__background has-background-dim-100 has-background-dim\" style=\"background-color:#ffffff\"><\/span><div class=\"wp-block-cover__inner-container is-layout-flow wp-block-cover-is-layout-flow\">\n<div class=\"wp-block-media-text alignwide is-stacked-on-mobile is-vertically-aligned-center is-image-fill-element\" style=\"grid-template-columns:56% auto\"><figure class=\"wp-block-media-text__media\"><img loading=\"lazy\" decoding=\"async\" width=\"1024\" height=\"683\" src=\"https:\/\/llamalaamuri.com\/ecommerce\/wp-content\/uploads\/2025\/04\/pexels-thirdman-7651924-1024x683.jpg\" alt=\"\" class=\"wp-image-74 size-full\" style=\"object-position:50% 50%\" srcset=\"https:\/\/llamalaamuri.com\/ecommerce\/wp-content\/uploads\/2025\/04\/pexels-thirdman-7651924-1024x683.jpg 1024w, https:\/\/llamalaamuri.com\/ecommerce\/wp-content\/uploads\/2025\/04\/pexels-thirdman-7651924-300x200.jpg 300w, https:\/\/llamalaamuri.com\/ecommerce\/wp-content\/uploads\/2025\/04\/pexels-thirdman-7651924-768x512.jpg 768w, https:\/\/llamalaamuri.com\/ecommerce\/wp-content\/uploads\/2025\/04\/pexels-thirdman-7651924-1536x1024.jpg 1536w, https:\/\/llamalaamuri.com\/ecommerce\/wp-content\/uploads\/2025\/04\/pexels-thirdman-7651924-2048x1365.jpg 2048w\" sizes=\"auto, (max-width: 1024px) 100vw, 1024px\" \/><\/figure><div class=\"wp-block-media-text__content\">\n<h2 class=\"wp-block-heading has-text-align-center has-text-color\" style=\"color:#000000;font-size:32px\"><strong>Identificaci\u00f3n y<br>validaci\u00f3n de proveedores<\/strong><\/h2>\n\n\n\n<p><\/p>\n\n\n\n<p class=\"has-text-align-left has-text-color\" style=\"color:#000000;font-size:17px\">Seleccionamos y verificamos proveedores de confianza para<br>garantizar productos de alta calidad y condiciones comerciales<br>\u00f3ptimas.<br>Proceso de evaluaci\u00f3n<br>1. Definici\u00f3n detallada del producto  a importar.<br>2. An\u00e1lisis de requisitos en t\u00e9rminos de calidad, dise\u00f1o, precio y vol\u00famenes.<br>3. Nuestro equipo en origen identifica opciones que se alinean con sus necesidades.<\/p>\n\n\n\n<p class=\"has-text-color\" style=\"color:#000000;font-size:17px\"><\/p>\n\n\n\n<div class=\"wp-block-buttons is-layout-flex wp-block-buttons-is-layout-flex\">\n<div class=\"wp-block-button is-style-fill\"><a class=\"wp-block-button__link wp-element-button\" href=\"https:\/\/wa.me\/+5491123553796\/?text=Quiero%20saber%20m\u00e1s\">Quiero saber m\u00e1s<\/a><\/div>\n<\/div>\n<\/div><\/div>\n\n\n\n<div class=\"wp-block-cover alignfull is-light\" style=\"min-height:100vh;aspect-ratio:unset;\"><span aria-hidden=\"true\" class=\"wp-block-cover__background has-background-dim-100 has-background-dim\" style=\"background-color:#ffffff\"><\/span><div class=\"wp-block-cover__inner-container is-layout-flow wp-block-cover-is-layout-flow\">\n<div class=\"wp-block-media-text alignwide is-stacked-on-mobile is-vertically-aligned-center is-image-fill-element\" style=\"grid-template-columns:56% auto\"><figure class=\"wp-block-media-text__media\"><img loading=\"lazy\" decoding=\"async\" width=\"1024\" height=\"683\" src=\"https:\/\/llamalaamuri.com\/ecommerce\/wp-content\/uploads\/2025\/04\/pexels-hyundaimotorgroup-19233057-1024x683.jpg\" alt=\"\" class=\"wp-image-78 size-full\" style=\"object-position:50% 50%\" srcset=\"https:\/\/llamalaamuri.com\/ecommerce\/wp-content\/uploads\/2025\/04\/pexels-hyundaimotorgroup-19233057-1024x683.jpg 1024w, https:\/\/llamalaamuri.com\/ecommerce\/wp-content\/uploads\/2025\/04\/pexels-hyundaimotorgroup-19233057-300x200.jpg 300w, https:\/\/llamalaamuri.com\/ecommerce\/wp-content\/uploads\/2025\/04\/pexels-hyundaimotorgroup-19233057-768x512.jpg 768w, https:\/\/llamalaamuri.com\/ecommerce\/wp-content\/uploads\/2025\/04\/pexels-hyundaimotorgroup-19233057-1536x1024.jpg 1536w, https:\/\/llamalaamuri.com\/ecommerce\/wp-content\/uploads\/2025\/04\/pexels-hyundaimotorgroup-19233057-2048x1365.jpg 2048w\" sizes=\"auto, (max-width: 1024px) 100vw, 1024px\" \/><\/figure><div class=\"wp-block-media-text__content\">\n<h2 class=\"wp-block-heading has-text-align-center has-text-color\" style=\"color:#000000;font-size:32px\"><strong>Verificaci\u00f3n de<br>fabricas y proveedores<\/strong><\/h2>\n\n\n\n<p class=\"has-text-align-left has-text-color\" style=\"color:#000000;font-size:17px\">Implementamos un riguroso proceso de control para asegurar que el proveedor sea leg\u00edtimo y confiable. Nuestra oficina en China realiza inspecciones detalladas que incluyen:<br>\u2714 Validaci\u00f3n de registros gubernamentales <\/p>\n\n\n\n<p class=\"has-text-align-left has-text-color\" style=\"color:#000000;font-size:17px\">\u2714 Revisi\u00f3n de informaci\u00f3n bancaria <\/p>\n\n\n\n<p class=\"has-text-align-left has-text-color\" style=\"color:#000000;font-size:17px\">\u2714 Verificaci\u00f3n de licencias comerciales<br>\u2714 Confirmaci\u00f3n de inscripciones aduaneras<\/p>\n\n\n\n<p class=\"has-text-align-left has-text-color\" style=\"color:#000000;font-size:17px\"> \u2714 Identificaci\u00f3n de fabricantes y traders <\/p>\n\n\n\n<p class=\"has-text-align-left has-text-color\" style=\"color:#000000;font-size:17px\">\u2714 An\u00e1lisis de antecedentes legales y litigios<\/p>\n\n\n\n<p class=\"has-text-color\" style=\"color:#000000;font-size:17px\"><\/p>\n\n\n\n<div class=\"wp-block-buttons is-layout-flex wp-block-buttons-is-layout-flex\">\n<div class=\"wp-block-button is-style-fill\"><a class=\"wp-block-button__link wp-element-button\" href=\"https:\/\/wa.me\/+5491123553796\/?text=Quiero%20saber%20m\u00e1s\">Quiero saber m\u00e1s<\/a><\/div>\n<\/div>\n<\/div><\/div>\n<\/div><\/div>\n<\/div><\/div>\n","protected":false},"excerpt":{"rendered":"","protected":false},"author":1,"featured_media":0,"parent":0,"menu_order":0,"comment_status":"closed","ping_status":"closed","template":"","meta":{"_monsterinsights_skip_tracking":false,"_monsterinsights_sitenote_active":false,"_monsterinsights_sitenote_note":"","_monsterinsights_sitenote_category":0,"footnotes":""},"class_list":["post-13","page","type-page","status-publish","hentry"],"yoast_head":"<!-- This site is optimized with the Yoast SEO plugin v26.0 - https:\/\/yoast.com\/wordpress\/plugins\/seo\/ -->\n<title>Servicios - ecommercellamalaamuri<\/title>\n<meta name=\"robots\" content=\"index, follow, max-snippet:-1, max-image-preview:large, max-video-preview:-1\" \/>\n<link rel=\"canonical\" href=\"https:\/\/llamalaamuri.com\/ecommerce\/servicios\/\" \/>\n<meta property=\"og:locale\" content=\"es_ES\" \/>\n<meta property=\"og:type\" content=\"article\" \/>\n<meta property=\"og:title\" content=\"Servicios - ecommercellamalaamuri\" \/>\n<meta property=\"og:url\" content=\"https:\/\/llamalaamuri.com\/ecommerce\/servicios\/\" \/>\n<meta property=\"og:site_name\" content=\"ecommercellamalaamuri\" \/>\n<meta property=\"article:publisher\" content=\"https:\/\/www.facebook.com\/Llamalaamuriecommerce\" \/>\n<meta property=\"article:modified_time\" content=\"2025-04-24T15:09:15+00:00\" \/>\n<meta property=\"og:image\" content=\"https:\/\/llamalaamuri.com\/ecommerce\/wp-content\/uploads\/2025\/04\/pexels-wolfgang-weiser-467045605-20177728-scaled.jpg\" \/>\n\t<meta property=\"og:image:width\" content=\"2560\" \/>\n\t<meta property=\"og:image:height\" content=\"1709\" \/>\n\t<meta property=\"og:image:type\" content=\"image\/jpeg\" \/>\n<meta name=\"twitter:card\" content=\"summary_large_image\" \/>\n<meta name=\"twitter:label1\" content=\"Tiempo de lectura\" \/>\n\t<meta name=\"twitter:data1\" content=\"4 minutos\" \/>\n<script type=\"application\/ld+json\" class=\"yoast-schema-graph\">{\"@context\":\"https:\/\/schema.org\",\"@graph\":[{\"@type\":\"WebPage\",\"@id\":\"https:\/\/llamalaamuri.com\/ecommerce\/servicios\/\",\"url\":\"https:\/\/llamalaamuri.com\/ecommerce\/servicios\/\",\"name\":\"Servicios - ecommercellamalaamuri\",\"isPartOf\":{\"@id\":\"https:\/\/llamalaamuri.com\/ecommerce\/#website\"},\"primaryImageOfPage\":{\"@id\":\"https:\/\/llamalaamuri.com\/ecommerce\/servicios\/#primaryimage\"},\"image\":{\"@id\":\"https:\/\/llamalaamuri.com\/ecommerce\/servicios\/#primaryimage\"},\"thumbnailUrl\":\"https:\/\/llamalaamuri.com\/ecommerce\/wp-content\/uploads\/2025\/04\/pexels-wolfgang-weiser-467045605-20177728-1024x683.jpg\",\"datePublished\":\"2025-04-21T21:29:45+00:00\",\"dateModified\":\"2025-04-24T15:09:15+00:00\",\"breadcrumb\":{\"@id\":\"https:\/\/llamalaamuri.com\/ecommerce\/servicios\/#breadcrumb\"},\"inLanguage\":\"es-AR\",\"potentialAction\":[{\"@type\":\"ReadAction\",\"target\":[\"https:\/\/llamalaamuri.com\/ecommerce\/servicios\/\"]}]},{\"@type\":\"ImageObject\",\"inLanguage\":\"es-AR\",\"@id\":\"https:\/\/llamalaamuri.com\/ecommerce\/servicios\/#primaryimage\",\"url\":\"https:\/\/llamalaamuri.com\/ecommerce\/wp-content\/uploads\/2025\/04\/pexels-wolfgang-weiser-467045605-20177728-scaled.jpg\",\"contentUrl\":\"https:\/\/llamalaamuri.com\/ecommerce\/wp-content\/uploads\/2025\/04\/pexels-wolfgang-weiser-467045605-20177728-scaled.jpg\",\"width\":2560,\"height\":1709},{\"@type\":\"BreadcrumbList\",\"@id\":\"https:\/\/llamalaamuri.com\/ecommerce\/servicios\/#breadcrumb\",\"itemListElement\":[{\"@type\":\"ListItem\",\"position\":1,\"name\":\"Inicio\",\"item\":\"https:\/\/llamalaamuri.com\/ecommerce\/\"},{\"@type\":\"ListItem\",\"position\":2,\"name\":\"Servicios\"}]},{\"@type\":\"WebSite\",\"@id\":\"https:\/\/llamalaamuri.com\/ecommerce\/#website\",\"url\":\"https:\/\/llamalaamuri.com\/ecommerce\/\",\"name\":\"ecommercellamalaamuri\",\"description\":\"Ecommerce\",\"publisher\":{\"@id\":\"https:\/\/llamalaamuri.com\/ecommerce\/#organization\"},\"potentialAction\":[{\"@type\":\"SearchAction\",\"target\":{\"@type\":\"EntryPoint\",\"urlTemplate\":\"https:\/\/llamalaamuri.com\/ecommerce\/?s={search_term_string}\"},\"query-input\":{\"@type\":\"PropertyValueSpecification\",\"valueRequired\":true,\"valueName\":\"search_term_string\"}}],\"inLanguage\":\"es-AR\"},{\"@type\":\"Organization\",\"@id\":\"https:\/\/llamalaamuri.com\/ecommerce\/#organization\",\"name\":\"ecommercellamalaamuri\",\"url\":\"https:\/\/llamalaamuri.com\/ecommerce\/\",\"logo\":{\"@type\":\"ImageObject\",\"inLanguage\":\"es-AR\",\"@id\":\"https:\/\/llamalaamuri.com\/ecommerce\/#\/schema\/logo\/image\/\",\"url\":\"https:\/\/llamalaamuri.com\/ecommerce\/wp-content\/uploads\/2025\/04\/cropped-logo-llamala-a-muriecommerce-2.png\",\"contentUrl\":\"https:\/\/llamalaamuri.com\/ecommerce\/wp-content\/uploads\/2025\/04\/cropped-logo-llamala-a-muriecommerce-2.png\",\"width\":512,\"height\":512,\"caption\":\"ecommercellamalaamuri\"},\"image\":{\"@id\":\"https:\/\/llamalaamuri.com\/ecommerce\/#\/schema\/logo\/image\/\"},\"sameAs\":[\"https:\/\/www.facebook.com\/Llamalaamuriecommerce\"]}]}<\/script>\n<!-- \/ Yoast SEO plugin. -->","yoast_head_json":{"title":"Servicios - ecommercellamalaamuri","robots":{"index":"index","follow":"follow","max-snippet":"max-snippet:-1","max-image-preview":"max-image-preview:large","max-video-preview":"max-video-preview:-1"},"canonical":"https:\/\/llamalaamuri.com\/ecommerce\/servicios\/","og_locale":"es_ES","og_type":"article","og_title":"Servicios - ecommercellamalaamuri","og_url":"https:\/\/llamalaamuri.com\/ecommerce\/servicios\/","og_site_name":"ecommercellamalaamuri","article_publisher":"https:\/\/www.facebook.com\/Llamalaamuriecommerce","article_modified_time":"2025-04-24T15:09:15+00:00","og_image":[{"width":2560,"height":1709,"url":"https:\/\/llamalaamuri.com\/ecommerce\/wp-content\/uploads\/2025\/04\/pexels-wolfgang-weiser-467045605-20177728-scaled.jpg","type":"image\/jpeg"}],"twitter_card":"summary_large_image","twitter_misc":{"Tiempo de lectura":"4 minutos"},"schema":{"@context":"https:\/\/schema.org","@graph":[{"@type":"WebPage","@id":"https:\/\/llamalaamuri.com\/ecommerce\/servicios\/","url":"https:\/\/llamalaamuri.com\/ecommerce\/servicios\/","name":"Servicios - ecommercellamalaamuri","isPartOf":{"@id":"https:\/\/llamalaamuri.com\/ecommerce\/#website"},"primaryImageOfPage":{"@id":"https:\/\/llamalaamuri.com\/ecommerce\/servicios\/#primaryimage"},"image":{"@id":"https:\/\/llamalaamuri.com\/ecommerce\/servicios\/#primaryimage"},"thumbnailUrl":"https:\/\/llamalaamuri.com\/ecommerce\/wp-content\/uploads\/2025\/04\/pexels-wolfgang-weiser-467045605-20177728-1024x683.jpg","datePublished":"2025-04-21T21:29:45+00:00","dateModified":"2025-04-24T15:09:15+00:00","breadcrumb":{"@id":"https:\/\/llamalaamuri.com\/ecommerce\/servicios\/#breadcrumb"},"inLanguage":"es-AR","potentialAction":[{"@type":"ReadAction","target":["https:\/\/llamalaamuri.com\/ecommerce\/servicios\/"]}]},{"@type":"ImageObject","inLanguage":"es-AR","@id":"https:\/\/llamalaamuri.com\/ecommerce\/servicios\/#primaryimage","url":"https:\/\/llamalaamuri.com\/ecommerce\/wp-content\/uploads\/2025\/04\/pexels-wolfgang-weiser-467045605-20177728-scaled.jpg","contentUrl":"https:\/\/llamalaamuri.com\/ecommerce\/wp-content\/uploads\/2025\/04\/pexels-wolfgang-weiser-467045605-20177728-scaled.jpg","width":2560,"height":1709},{"@type":"BreadcrumbList","@id":"https:\/\/llamalaamuri.com\/ecommerce\/servicios\/#breadcrumb","itemListElement":[{"@type":"ListItem","position":1,"name":"Inicio","item":"https:\/\/llamalaamuri.com\/ecommerce\/"},{"@type":"ListItem","position":2,"name":"Servicios"}]},{"@type":"WebSite","@id":"https:\/\/llamalaamuri.com\/ecommerce\/#website","url":"https:\/\/llamalaamuri.com\/ecommerce\/","name":"ecommercellamalaamuri","description":"Ecommerce","publisher":{"@id":"https:\/\/llamalaamuri.com\/ecommerce\/#organization"},"potentialAction":[{"@type":"SearchAction","target":{"@type":"EntryPoint","urlTemplate":"https:\/\/llamalaamuri.com\/ecommerce\/?s={search_term_string}"},"query-input":{"@type":"PropertyValueSpecification","valueRequired":true,"valueName":"search_term_string"}}],"inLanguage":"es-AR"},{"@type":"Organization","@id":"https:\/\/llamalaamuri.com\/ecommerce\/#organization","name":"ecommercellamalaamuri","url":"https:\/\/llamalaamuri.com\/ecommerce\/","logo":{"@type":"ImageObject","inLanguage":"es-AR","@id":"https:\/\/llamalaamuri.com\/ecommerce\/#\/schema\/logo\/image\/","url":"https:\/\/llamalaamuri.com\/ecommerce\/wp-content\/uploads\/2025\/04\/cropped-logo-llamala-a-muriecommerce-2.png","contentUrl":"https:\/\/llamalaamuri.com\/ecommerce\/wp-content\/uploads\/2025\/04\/cropped-logo-llamala-a-muriecommerce-2.png","width":512,"height":512,"caption":"ecommercellamalaamuri"},"image":{"@id":"https:\/\/llamalaamuri.com\/ecommerce\/#\/schema\/logo\/image\/"},"sameAs":["https:\/\/www.facebook.com\/Llamalaamuriecommerce"]}]}},"_links":{"self":[{"href":"https:\/\/llamalaamuri.com\/ecommerce\/wp-json\/wp\/v2\/pages\/13","targetHints":{"allow":["GET"]}}],"collection":[{"href":"https:\/\/llamalaamuri.com\/ecommerce\/wp-json\/wp\/v2\/pages"}],"about":[{"href":"https:\/\/llamalaamuri.com\/ecommerce\/wp-json\/wp\/v2\/types\/page"}],"author":[{"embeddable":true,"href":"https:\/\/llamalaamuri.com\/ecommerce\/wp-json\/wp\/v2\/users\/1"}],"replies":[{"embeddable":true,"href":"https:\/\/llamalaamuri.com\/ecommerce\/wp-json\/wp\/v2\/comments?post=13"}],"version-history":[{"count":23,"href":"https:\/\/llamalaamuri.com\/ecommerce\/wp-json\/wp\/v2\/pages\/13\/revisions"}],"predecessor-version":[{"id":93,"href":"https:\/\/llamalaamuri.com\/ecommerce\/wp-json\/wp\/v2\/pages\/13\/revisions\/93"}],"wp:attachment":[{"href":"https:\/\/llamalaamuri.com\/ecommerce\/wp-json\/wp\/v2\/media?parent=13"}],"curies":[{"name":"wp","href":"https:\/\/api.w.org\/{rel}","templated":true}]}}